{"id":67,"date":"2025-12-20T17:10:52","date_gmt":"2025-12-20T17:10:52","guid":{"rendered":"https:\/\/jensaagepoulsen.dk\/?page_id=67"},"modified":"2026-02-15T09:57:44","modified_gmt":"2026-02-15T09:57:44","slug":"kontakt","status":"publish","type":"page","link":"https:\/\/jensaagepoulsen.dk\/index.php\/kontakt\/","title":{"rendered":"Kontakt"},"content":{"rendered":"\n<p>Det er altid en forn\u00f8jelse for mig, n\u00e5r der er interesse for, hvilke forsknings-, udviklingsprojekter og udgivelsesprojekter jeg har v\u00e6ret eller er med i.<br>Du er velkommen til at kontakte mig &#8211; dog helst f\u00f8rst pr. mail<\/p>\n\n\n\n<p>mail: jens.aage.poulsen@gmail.com<\/p>\n\n\n\n<p>tlf.: 30 36 07 02<\/p>\n\n\n\n<p><\/p>\n\n\n\n<figure class=\"wp-block-image size-full\"><img loading=\"lazy\" decoding=\"async\" width=\"336\" height=\"396\" src=\"https:\/\/jensaagepoulsen.dk\/wp-content\/uploads\/2025\/12\/Jens_Aage_Poulsen.jpg\" alt=\"\" class=\"wp-image-18\" srcset=\"https:\/\/jensaagepoulsen.dk\/wp-content\/uploads\/2025\/12\/Jens_Aage_Poulsen.jpg 336w, https:\/\/jensaagepoulsen.dk\/wp-content\/uploads\/2025\/12\/Jens_Aage_Poulsen-255x300.jpg 255w\" sizes=\"auto, (max-width: 336px) 100vw, 336px\" \/><\/figure>\n\n\n\n<p><a href=\"https:\/\/jensaagepoulsen.dk\/\">Forside<\/a><\/p>\n\n\n\n<ul class=\"wp-block-list\">\n<li><a href=\"https:\/\/jensaagepoulsen.dk\/index.php\/artikler\/\">Artikler<\/a><\/li>\n\n\n\n<li><a href=\"https:\/\/jensaagepoulsen.dk\/index.php\/kontakt\/\">Kontakt<\/a><\/li>\n\n\n\n<li><a href=\"https:\/\/jensaagepoulsen.dk\/index.php\/kort-om-jens-aage-poulsen\/\">Kort om Jens Aage Poulsen<\/a><\/li>\n\n\n\n<li><a href=\"https:\/\/jensaagepoulsen.dk\/index.php\/oplaeg-foredrag\/\">Opl\u00e6g \u2013 foredrag<\/a><\/li>\n\n\n\n<li><a href=\"https:\/\/jensaagepoulsen.dk\/index.php\/udgivelser\/\">Udgivelser<\/a><\/li>\n\n\n\n<li><a href=\"https:\/\/jensaagepoulsen.dk\/index.php\/dette-er-en-tilfoejet-side\/\">Undervisningsforl\u00f8b historie<\/a><\/li>\n<\/ul>\n","protected":false},"excerpt":{"rendered":"<p>Det er altid en forn\u00f8jelse for mig, n\u00e5r der er interesse for, hvilke forsknings-, udviklingsprojekter og udgivelsesprojekter jeg har v\u00e6ret eller er med i.Du er velkommen til at kontakte mig &#8211; dog helst f\u00f8rst pr. mail mail: jens.aage.poulsen@gmail.com tlf.: 30 36 07 02 Forside<\/p>\n","protected":false},"author":1,"featured_media":0,"parent":0,"menu_order":0,"comment_status":"closed","ping_status":"closed","template":"","meta":{"footnotes":""},"class_list":["post-67","page","type-page","status-publish","hentry"],"_links":{"self":[{"href":"https:\/\/jensaagepoulsen.dk\/index.php\/wp-json\/wp\/v2\/pages\/67","targetHints":{"allow":["GET"]}}],"collection":[{"href":"https:\/\/jensaagepoulsen.dk\/index.php\/wp-json\/wp\/v2\/pages"}],"about":[{"href":"https:\/\/jensaagepoulsen.dk\/index.php\/wp-json\/wp\/v2\/types\/page"}],"author":[{"embeddable":true,"href":"https:\/\/jensaagepoulsen.dk\/index.php\/wp-json\/wp\/v2\/users\/1"}],"replies":[{"embeddable":true,"href":"https:\/\/jensaagepoulsen.dk\/index.php\/wp-json\/wp\/v2\/comments?post=67"}],"version-history":[{"count":3,"href":"https:\/\/jensaagepoulsen.dk\/index.php\/wp-json\/wp\/v2\/pages\/67\/revisions"}],"predecessor-version":[{"id":108,"href":"https:\/\/jensaagepoulsen.dk\/index.php\/wp-json\/wp\/v2\/pages\/67\/revisions\/108"}],"wp:attachment":[{"href":"https:\/\/jensaagepoulsen.dk\/index.php\/wp-json\/wp\/v2\/media?parent=67"}],"curies":[{"name":"wp","href":"https:\/\/api.w.org\/{rel}","templated":true}]}}